{"id":267,"date":"2020-01-14T01:57:25","date_gmt":"2020-01-13T22:57:25","guid":{"rendered":"https:\/\/rengarenkfotografcilik.com\/kurumsal\/?page_id=267"},"modified":"2020-12-29T16:47:59","modified_gmt":"2020-12-29T13:47:59","slug":"dijital-reklam-yonetimi","status":"publish","type":"page","link":"https:\/\/rengarenkmedya.com\/kurumsal\/dijital-reklam-yonetimi\/","title":{"rendered":"Dijital Reklam Y\u00f6netim"},"content":{"rendered":"<p style=\"text-align: left;\"><div class=\"row clearfix \">\n<p style=\"text-align: left;\"><div class=\"col full \">\n<div class=\"title title-left\" style=\"text-align: left;\">\n<div class=\"h2\">\n<div class=\"title title-left\">\n<h3 class=\"h2\">Dijital Reklam Y\u00f6netimi<\/h3>\n<\/div>\n<\/div>\n<\/div>\n<p class=\"lead\" style=\"text-align: left;\">Her alanda oldu\u011fu gibi reklam y\u00f6ntemleri de art\u0131k dijital mecralara kaymaya ba\u015flad\u0131.<\/p>\n<p style=\"text-align: left;\">Google, Facebook, Instagram, Twitter ve LinkedIn gibi dijital medya mecralar art\u0131k hem ki\u015fisel olarak hem de kurumsal olarak sizleri istedi\u011finiz kitleye ula\u015fma imkan\u0131 sa\u011flamaktad\u0131r. Markalar, bu sosyal medya mecralar\u0131 sayesinde art\u0131k hedef kitleleri ile daha yak\u0131ndan temas halinde olabiliyor. Bu sayede hedef kitlesini daha yak\u0131ndan tan\u0131ma imkan\u0131 bulan markalar, do\u011fru zamanda do\u011fru reklam kampanyalar\u0131 kurgulayabilmektedir.<\/p>\n<div class=\"row\" style=\"text-align: left;\">\n<div class=\"col-xl-6 col-lg-6\">\n<p>\u00d6zellikle son zamanlarda bas\u0131l\u0131 ya da g\u00f6rsel medyadan reklam verenler dijital mecralara oranla eri\u015fimin daha d\u00fc\u015f\u00fck oldu\u011funu g\u00f6zlemlemektedir. Fakat yeni medya y\u00f6ntemlerini kullanarak hedef kitle ile ileti\u015fime ge\u00e7ebilir ve bu anlamda kurgulanan reklam kampanyalar\u0131ndan daha sa\u011fl\u0131kl\u0131 d\u00f6n\u00fc\u015f\u00fcmler alabilirsiniz.<\/p>\n<\/div>\n<\/div>\n<p style=\"text-align: left;\"><div class=\"clear\"><\/div><div class=\"divider \"  style=\"height: 10px;\"><\/div><\/p>\n<div class=\"title w-100 text-center\" style=\"text-align: left;\">\n<h4 style=\"text-align: left;\">Dijital Reklam Y\u00f6netimi Nedir?<\/h4>\n<\/div>\n<div class=\"smc-list-item\" style=\"text-align: left;\">\n<div class=\"col-xl-6 col-lg-6 pl-xl-5\">\n<div class=\"title\">\n<div class=\"smc-list-content\">\n<div class=\"smc-list-item\">\n<div class=\"smc-list-item\">\n<div class=\"smc-list-item\">\n<div class=\"smc-list-item\">\n<section class=\"section-box-np grey-section\">\n<div class=\"container-fluid\">\n<div class=\"row pad-100 position-relative\">\n<div class=\"container\">\n<div class=\"row\">\n<div class=\"col-xl-6 col-lg-6\">\n<div class=\"title title-left\">\n<div class=\"title title-left\">\n<div class=\"row box-list no-gutters\">\n<div class=\"col-xl-3 col-lg-6 col-md-6\">\n<div class=\"box-list-item\">\n<div class=\"title title-left\">\n<div class=\"col-xl-6 col-lg-6\">\n<p>Reklam ve pazarlama alan\u0131nda son zamanlarda pop\u00fcler olan dijital reklam y\u00f6netimi, online medya ara\u00e7lar\u0131n\u0131 kullanarak, hedef kitleye ula\u015fma \u00e7abas\u0131 demektir. Dijital reklamlar ile kurum ya da ki\u015filere daha kaliteli, farkl\u0131 ve h\u0131zl\u0131 hizmet se\u00e7enekleri sunulmaktad\u0131r.<\/p>\n<h4>Dijital Reklam T\u00fcrleri Nelerdir?<\/h4>\n<p class=\"relp\">Markalar, dijital ile g\u00f6rsel ya da bas\u0131l\u0131 medya aras\u0131ndaki rekabeti g\u00f6rmezden gelemeyerek, g\u00fcn\u00fcm\u00fczde y\u00fckseli\u015f trendinde olan dijital reklamlara a\u011f\u0131rl\u0131k vermeye ba\u015flad\u0131. Markalar; bilinirlik, tutunabilme ve daha fazla pop\u00fcler olma ad\u0131na dijital mecralar\u0131n kendilerine sundu\u011fu reklam modellerinden yararlanma durumundad\u0131r. Bu anlamda pazarlama stratejilerine en uygun format\u0131 se\u00e7ip, se\u00e7imlerini bu y\u00f6nde yap\u0131yorlar.<\/p>\n<div class=\"title title-left\">\n<p>Peki markalar\u0131n en fazla e\u011filim g\u00f6sterdi\u011fi reklam t\u00fcrleri hangileridir? Gelin hep birlikte bu reklam t\u00fcrlerini inceleyelim.<\/p>\n<\/div>\n<div class=\"row\">\n<div class=\"col-xl-4 col-md-6\">\n<h5>Do\u011fal Reklamlar<\/h5>\n<div class=\"col-xl-4 col-md-6\">\n<div class=\"cm-item\">Son y\u0131llar\u0131n en fazla kulland\u0131\u011f\u0131 format olan \u201cnative advertising\u201d, T\u00fcrk\u00e7e\u2019ye do\u011fal reklam olarak ge\u00e7mi\u015ftir. Markalar\u0131n, reklam engellemelerine kar\u015f\u0131 kulland\u0131\u011f\u0131 en iyi se\u00e7enek olarak \u00f6ne \u00e7\u0131k\u0131yor. Bu format\u0131n di\u011fer reklamlardan fark\u0131, reklam\u0131n yer ald\u0131\u011f\u0131 mecran\u0131n i\u00e7erik ak\u0131\u015f\u0131na uyumlu halde olmas\u0131d\u0131r.<\/div>\n<\/div>\n<div class=\"col-xl-4 col-md-6\">\n<h5>Mobil Reklamlar<\/h5>\n<div class=\"col-xl-4 col-md-6\">\n<div class=\"cm-item\">Hedef kitleniz kimler oldu\u011funu, i\u00e7eriklerle bu hedef kitleye ne gibi mesajlar vermek stedi\u011finizi belirleyerek en do\u011fru stratejiyi olu\u015fturabilirsiniz.<\/div>\n<\/div>\n<div class=\"col-xl-4 col-md-6\">\n<h5>Video Reklamlar<\/h5>\n<div class=\"col-xl-4 col-md-6\">\n<div class=\"cm-item\">Hedef kitlenizin hitap etti\u011fi i\u00e7erikler; dolayl\u0131 de\u011fil net, samimi, \u00e7\u00f6z\u00fcm odakl\u0131, harekete ge\u00e7irici, yenilik\u00e7i olmal\u0131d\u0131r.<\/div>\n<\/div>\n<div class=\"col-xl-4 col-md-6\">\n<h5>Arama Motoru Reklamlar\u0131<\/h5>\n<div class=\"col-xl-4 col-md-6\">\n<div class=\"cm-item\">\u0130\u00e7eriklerinizi yay\u0131nlad\u0131ktan sonra analizler ve raporlamalarla hem geriye d\u00f6n\u00fck hem de ileriye d\u00f6n\u00fck i\u00e7erik pazarlama stratejileri olu\u015fturabilirsiniz.<\/div>\n<\/div>\n<div class=\"col-xl-4 col-md-6\">\n<h5>Pop-Up Reklamlar<\/h5>\n<div class=\"col-xl-4 col-md-6\">\n<div class=\"cm-item\">Markan\u0131z\u0131 sa\u011flam temeller \u00fczerine konumland\u0131rmak istiyorsan\u0131z sosyal medya ara\u00e7lar\u0131n\u0131 da kullanarak ba\u015far\u0131 basamaklar\u0131n\u0131 daha rahat \u00e7\u0131kabilirsiniz.<\/div>\n<\/div>\n<div class=\"col-xl-4 col-md-6\">\n<h5>E-Posta Reklamlar\u0131<\/h5>\n<div class=\"col-xl-4 col-md-6\">\n<div class=\"cm-item\">\u0130\u00e7erik pazarlamas\u0131nda b\u00fcy\u00fck bir paya sahip olan bu pazarlama y\u00f6ntemi, geliri en h\u0131zl\u0131 art\u0131ran yenilik\u00e7i bir tarz olarak kar\u015f\u0131m\u0131za \u00e7\u0131kmaktad\u0131r.<\/div>\n<\/div>\n<div class=\"col-xl-8 col-md-12\">\n<h5>Sosyal Medya Reklamc\u0131l\u0131\u011f\u0131<\/h5>\n<p>Dijital reklamc\u0131l\u0131k t\u00fcrlerinden biri de sosyal medya reklamlar\u0131d\u0131r. \u00d6zellikle son y\u0131llarda internet kullan\u0131c\u0131lar\u0131n\u0131n vazge\u00e7ilmesi haline gelen sosyal medya, reklam verenlerin g\u00f6zdesi durumdad\u0131r. Burada ki\u015filer, kendilerine dair bir\u00e7ok bilgiyi payla\u015fmakta bu da reklam hedeflemesi yaparken en do\u011fru ki\u015filere ula\u015f\u0131lmas\u0131n\u0131 sa\u011flamaktad\u0131r.<\/p>\n<section class=\"section-box content-marketing text-center\">\n<div class=\"container-fluid\">\n<div class=\"row\">\n<div class=\"container\">\n<div class=\"row\">\n<div class=\"col-xl-8 col-md-12\">\n<div class=\"cm-item\">Sosyal medya reklamlar\u0131 ile bir reklam, belli bir ya\u015f aral\u0131\u011f\u0131na, belli bir yerde ya\u015fayan ki\u015filere, belli bir demografik \u00f6zelliklere sahip olanlara ve ilgi alanlar\u0131 de\u011fi\u015fiklik g\u00f6sterenlere ula\u015f\u0131labilir.<\/div>\n<\/div>\n<\/div>\n<\/div>\n<\/div>\n<\/div>\n<\/section>\n<section class=\"section-box purple-bg\">\n<div class=\"container-fluid\">\n<div class=\"row\">\n<div class=\"container\">\n<div class=\"title title-left\">\n<div class=\"title title-left\">\n<h4>Sosyal Medya Reklam Y\u00f6netimi<\/h4>\n<p class=\"relp\">Sosyal medya reklam y\u00f6netimi, verilmek istenen reklam\u0131n hangi platform arac\u0131l\u0131\u011f\u0131 ile hedef kitleye ula\u015f\u0131laca\u011f\u0131yla ilgilidir. Ba\u015fka bir ifadeyle reklam verirken sekt\u00f6r\u00fcn\u00fcze ve hedef kitlenize uygun sosyal medya uygulamas\u0131 arac\u0131l\u0131\u011f\u0131 ile kampanya kurgulamakt\u0131r. Bu t\u00fcr reklam verirken; sosyal medya etkile\u015fimini art\u0131rmak, web sitesi ya da blog sayfan\u0131za ziyareti art\u0131rmak ve markan\u0131z\u0131n bilinirli\u011fini art\u0131rmaya \u00f6nem g\u00f6sterilmelidir. Facebook, Twitter, Youtube ve LinkedIn gibi mecralar sosyal medya reklam y\u00f6netimi ba\u015fl\u0131\u011f\u0131 alt\u0131nda toplanabilir.<\/p>\n<div>\n<p>Sosyal medya reklam \u00e7e\u015fitleri yukar\u0131da belirtti\u011fimiz gibi Facebook, Youtube ve Twitter arac\u0131l\u0131\u011f\u0131 ile verilen reklamlad\u0131r. Peki bu uygulamalar\u0131n nas\u0131l bir reklam yap\u0131s\u0131 vard\u0131r? \u015eimdi sosyal medya reklam t\u00fcrlerini hep birlikte inceleyelim.<\/p>\n<\/div>\n<h5>Facebook Reklam Y\u00f6netimi<\/h5>\n<div class=\"row no-gutters\">\n<div class=\"col-xl-4 col-lg-4 pr-4 no-mb-pad\">\n<div class=\"ux-box ux-first-box-color\">\n<p>Facebook arac\u0131l\u0131\u011f\u0131 ile kurgulanan ve verilmesi planlanan reklam, payla\u015f\u0131mlar ya da Facebook Business Manager \u00fczerinden ger\u00e7ekle\u015ftirilir. Reklam y\u00f6neticisi i\u00e7erisinde;<\/p>\n<ul class=\"list-unstyled\">\n<li>Tan\u0131nm\u0131\u015fl\u0131k,<\/li>\n<li>Merak,<\/li>\n<li>D\u00f6n\u00fc\u015f\u00fcm,<\/li>\n<\/ul>\n<p>gibi \u00fc\u00e7 ba\u015fl\u0131k bulunur.<\/p>\n<h5>Twitter Reklam Y\u00f6netimi<\/h5>\n<p>Twitter, reklam modelleri ile hedef kitlenize rahat\u00e7a ula\u015fabilmenizi sa\u011flar. Twitter reklamlar\u0131nda be\u015f ana kategori bulunmaktad\u0131r. Bunlar;<\/p>\n<ul class=\"list-unstyled\">\n<li>Promoted Tweet<\/li>\n<li>Promoted Account<\/li>\n<li>Promoted Trend<\/li>\n<li>Video Reklam<\/li>\n<li>Web Site Cards<\/li>\n<\/ul>\n<\/div>\n<\/div>\n<\/div>\n<\/div>\n<\/div>\n<\/div>\n<\/div>\n<\/div>\n<\/section>\n<\/div>\n<\/div>\n<\/div>\n<\/div>\n<\/div>\n<\/div>\n<\/div>\n<\/div>\n<\/div>\n<\/div>\n<\/div>\n<\/div>\n<\/div>\n<\/div>\n<\/div>\n<\/div>\n<\/div>\n<\/div>\n<\/div>\n<\/div>\n<\/section>\n<\/div>\n<\/div>\n<\/div>\n<\/div>\n<\/div>\n<\/div>\n<\/div>\n<\/div>\n<h5 style=\"text-align: left;\"><\/h5>\n<h5 style=\"text-align: left;\">Youtube Reklam Y\u00f6netimi<\/h5>\n<p style=\"text-align: left;\">D\u00fcnyada en fazla videonun izlendi\u011fi ve arama motoru olarak en fazla tercih edilen platform Youtube\u2019dan da di\u011fer sosyal medya mecralar\u0131 gibi reklam verilebilmektedir. Buradan verilen reklamlar genelde bir kanal\u0131 ya da bir web sitesini tan\u0131tmak i\u00e7in verilir.<\/p>\n<div class=\"title title-left\">\n<h4>Google Ads (Adwords) Reklam Y\u00f6netimi<\/h4>\n<div class=\"row\">\n<div class=\"col-xl-6 col-lg-6\">\n<p class=\"relp\">Google reklam y\u00f6netimi yani AdWords ile sitenizi hedef kitlenize rahatl\u0131kla ula\u015ft\u0131rabilirsiniz. Bu anlamda ilk \u00f6nce belirlenmes gereken, hangi modelin hedef kitlenize uygun oldu\u011funu belirlemek. Burada GreyMedya size en do\u011fru dan\u0131\u015fmanl\u0131\u011f\u0131 yapmakta ve hedef kitlenize rahatl\u0131kla ula\u015fabilmenizi sa\u011flamaktad\u0131r.<\/p>\n<h4>Google Ads (Adwords) Reklam T\u00fcrleri Nelerdir?<\/h4>\n<div class=\"col-xl-6 col-lg-6\">\n<div class=\"at-item\">\n<h5>Arama Y\u00f6nelik Reklam A\u011f\u0131<\/h5>\n<div class=\"col-xl-6 col-lg-6\">\n<div class=\"at-item\">\n<p>Google\u2019da arama yap\u0131ld\u0131\u011f\u0131nda sitenizin arama k\u0131sm\u0131nda yer almas\u0131d\u0131r.<\/p>\n<\/div>\n<\/div>\n<div class=\"col-xl-6 col-lg-6\">\n<div class=\"at-item\">\n<h5>G\u00f6r\u00fcnt\u00fclenme Reklam A\u011f\u0131<\/h5>\n<div class=\"col-xl-6 col-lg-6\">\n<div class=\"at-item\">\n<p>Google reklam kodlar\u0131n\u0131 alan sitelerde verdi\u011finiz reklam\u0131n g\u00f6r\u00fcnt\u00fclenmesidir.<\/p>\n<\/div>\n<\/div>\n<div class=\"at-item\">\n<h5>Youtube Reklamlar\u0131<\/h5>\n<div class=\"col-xl-6 col-lg-6\">\n<div class=\"at-item\">\n<p>Bu reklam modeliniz yukar\u0131da detayl\u0131 bir \u015fekilde anlatm\u0131\u015ft\u0131k.<\/p>\n<\/div>\n<\/div>\n<div class=\"col-xl-6 col-lg-6\">\n<div class=\"at-item\">\n<h5>Mobil Reklamlar<\/h5>\n<section class=\"section-box\">\n<div class=\"container-fluid\">\n<div class=\"container\">\n<div class=\"row ad-types\">\n<div class=\"col-xl-6 col-lg-6\">\n<div class=\"at-item\">\n<p>Reklam\u0131n\u0131z\u0131n kullan\u0131m olarak sabit cihazlar\u0131n \u00f6n\u00fcne ge\u00e7en mobil cihazlarda g\u00f6r\u00fcnt\u00fclenmesidir. Bu reklam modeli ile m\u00fc\u015fterileriniz hareket halinde olsa bile onlara g\u00f6r\u00fcnebilirsiniz.<\/p>\n<\/div>\n<\/div>\n<\/div>\n<\/div>\n<\/div>\n<\/section>\n<\/div>\n<\/div>\n<\/div>\n<\/div>\n<\/div>\n<\/div>\n<\/div>\n<\/div>\n<\/div>\n<\/div>\n<p style=\"text-align: left;\"><\/div>\n<p style=\"text-align: left;\"><\/div>\n","protected":false},"excerpt":{"rendered":"","protected":false},"author":1,"featured_media":0,"parent":0,"menu_order":0,"comment_status":"closed","ping_status":"closed","template":"","meta":{"footnotes":""},"_links":{"self":[{"href":"https:\/\/rengarenkmedya.com\/kurumsal\/wp-json\/wp\/v2\/pages\/267"}],"collection":[{"href":"https:\/\/rengarenkmedya.com\/kurumsal\/wp-json\/wp\/v2\/pages"}],"about":[{"href":"https:\/\/rengarenkmedya.com\/kurumsal\/wp-json\/wp\/v2\/types\/page"}],"author":[{"embeddable":true,"href":"https:\/\/rengarenkmedya.com\/kurumsal\/wp-json\/wp\/v2\/users\/1"}],"replies":[{"embeddable":true,"href":"https:\/\/rengarenkmedya.com\/kurumsal\/wp-json\/wp\/v2\/comments?post=267"}],"version-history":[{"count":0,"href":"https:\/\/rengarenkmedya.com\/kurumsal\/wp-json\/wp\/v2\/pages\/267\/revisions"}],"wp:attachment":[{"href":"https:\/\/rengarenkmedya.com\/kurumsal\/wp-json\/wp\/v2\/media?parent=267"}],"curies":[{"name":"wp","href":"https:\/\/api.w.org\/{rel}","templated":true}]}}